*b - 4*z - u, 0 = 3*z + 6 + 6. Suppose b*n + 10 + 10 = 0, 0 = d - 5*n - 42. Is d a multiple of 13?
False
Suppose 3*g - 1092 = 5*g. Does 20 divide 1/(((-3)/g)/1) + -2?
True
Let o = -45 - -207. Is 18 a factor of o?
True
Let p(a) = 2*a**3 - 24*a**2 + 24*a + 18. Is p(14) a multiple of 20?
False
Suppose -17*y + 212 = -16*y. Does 26 divide y?
False
Let f be (0/(-4))/(1 + 0) - -3. Suppose 212 = 2*h + f*h + 2*c, 2*h = -2*c + 80. Does 22 divide h?
True
Suppose 5*v = -2*y + 33, 4*y + 0*v - 1 = 3*v. Suppose 2 = -2*d + 2*p + 12, -y*p - 4 = 0. Suppose -w = g + 4*w - 15, 132 = 4*g - d*w. Does 6 divide g?
True
Let i = -1015 + 2239. Suppose 160 = 5*o - n - i, -n - 556 = -2*o. Is o a multiple of 46?
True
Suppose l + 4 = -6. Does 22 divide (8/l)/((-1)/55)?
True
Let c be 2*(-2)/8*-8. Suppose 34 = z + 5*q, -c*z - z + 3*q = -114. Suppose -3*x = -4*x + 4, 3*x = 3*k - z. Is k a multiple of 4?
True
Let p(a) = a**3 + 8*a**2 + 2*a - 5. Let k be p(-8). Let f = k + 65. Does 21 divide f?
False
Does 135 divide 3507 + -6 + 18/2?
True
Let a = 374 + -235. Let v = -53 + 102. Suppose -2*x = 5*o - 2*o - a, 2*x = -o + v. Is o a multiple of 27?
False
Let v = -253 + 375. Suppose 2*d + x - 137 = 0, -2*d = -0*d - 2*x - v. Does 25 divide d?
False
Suppose 2*k + z = -0*k + 5, 5*z + 15 = 0. Suppose 283 + 41 = k*g - 2*v, 5*v = 4*g - 330. Does 8 divide g?
True
Suppose -3*c + 600 = -2*m, c - 4*m - 200 = -0*c. Is c a multiple of 40?
True
Let j(v) = 2 + 4*v - 1 - 9*v - 2*v. Let k = 0 + -3. Is j(k) a multiple of 12?
False
Let z(i) = -5*i - 8. Let u be 994/49 - 4/14. Suppose 0 = -3*p - u - 4. Is z(p) a multiple of 16?
True
Let z(o) = o**3 - 15*o**2 - 4*o - 20. Let u be z(15). Let r = u + 93. Is r a multiple of 13?
True
Let p(y) = y**2 - 3*y - 7. Let x be p(-4). Suppose -2*s = -3 - x. Is 6 a factor of s?
True
Let x = 31 - 27. Suppose -111 = -x*i + 105. Does 18 divide i?
True
Suppose 2*l - 210 = -4*q, 0 = 2*q - 0*l - 3*l - 125. Suppose 3*v - q = -0*p - 4*p, 20 = 4*v. Is p a multiple of 5?
True
Let t = 4276 - 1874. Is 29 a factor of t?
False
Let n(c) = 2*c**2 - c - 5. Let l be n(-2). Suppose -l*a + 48 = -177. Does 9 divide a?
True
Let j = -3 + 0. Let d = 5 + j. Is 15 a factor of (-5)/(10/(-52)) + d?
False
Suppose -2*s + 41 = 2*a - 19, -a = -4*s - 15. Suppose -3*k + 105 + a = 0. Does 26 divide k?
False
Let q(u) = -u. Let p be q(2). Let r(b) = 4*b + 16. Let n(o) = o + 1. Let g(i) = p*n(i) + r(i). Is g(-6) a multiple of 2?
True
Suppose 0 = 4*l + 7*w - 8*w - 715, -155 = -l + 5*w. Is 10 a factor of l?
True
Is (161/(-28))/((-1)/24) a multiple of 21?
False
Is (1/5 - 44/(-30))*9 a multiple of 2?
False
Is ((120/(-32))/(-3))/((-1)/(-120)) a multiple of 25?
True
Let w = 72 - 65. Let x(v) = v**2 - 3*v + 22. Is x(w) a multiple of 8?
False
Let i be (-4 - (-27)/12)/(1/(-20)). Suppose c - 4*g = 2*c - i, -c = -2*g - 11. Does 3 divide c?
False
Let q(u) = -2*u**3 - u**2 + 1. Let v be q(-1). Suppose -165 = -v*r - b, r + b - 40 = 40. Does 7 divide r?
False
Let h be (0 - (1 + 2)) + -40. Suppose -57 = n - 160. Let q = n + h. Is q a multiple of 12?
True
Let q(m) = -40*m**3 - 2*m - 6. Let o be q(-2). Let g = -186 + o. Does 9 divide g?
False
Let o be 0 + 1/2*6. Let k = -49 + 53. Is o/(-6) + 22/k a multiple of 3?
False
Let g(d) = -d**2 - 13*d - 4. Let k be g(-9). Suppose -220 = -6*w + k. Is w a multiple of 6?
True
Let j be (-1 + (-5)/(-20))*32. Let v = j - -45. Suppose -v = -z - 1. Is z a multiple of 5?
True
Let g = 26 - 18. Suppose -4 = -4*p + g, f = p + 193. Suppose -4*r + 357 = -3*d, -5*r - 2*d + f = -3*r. Is 31 a factor of r?
True
Let n = 19 - -2. Suppose -4*s = -7 - n. Suppose 352 = s*a - 110. Is 12 a factor of a?
False
Let r = -345 + 847. Is 58 a factor of r?
False
Let l(k) = 2*k**2 + 5*k + 5. Let o be (-3 - -1)*27/18. Is l(o) a multiple of 3?
False
Suppose 4 = -10*v + 12*v. Suppose 0 = u + d - 101, 2*u + v*d - d - 197 = 0. Does 6 divide u?
True
Does 4 divide 732/26 + (-14)/91?
True
Let o(s) = -30*s - 2 + 2 + 85*s. Does 55 divide o(4)?
True
Let w = -138 + 211. Does 23 divide w?
False
Suppose -4*g - 320 = -2*k - 2*k, 4*k = 5*g + 321. Suppose k + 140 = 3*j. Is j a multiple of 9?
False
Let v(z) = 11*z - 1. Let f(p) = -p. Let m(a) = -2*f(a) - v(a). Is 14 a factor of m(-3)?
True
Let r(m) = -7*m - 41. Let w(n) = 3*n + 20. Let q(h) = 4*r(h) + 9*w(h). Is q(7) a multiple of 9?
True
Let b(g) = -g**2 - 3*g + 4. Let m be b(-4). Let a(x) = x**3 - 2*x**2 + 48. Is a(m) a multiple of 6?
True
Let m = 142 - 85. Let n = m + -29. Let o = n + -13. Is 5 a factor of o?
True
Suppose w = -p + 98, -w = -p + 90 + 6. Suppose o - p = 4*a, 301 = 5*o - a - 279. Does 9 divide o?
True
Let o(a) = a**2 - 7*a. Suppose -3*q + 15 + 7 = -4*z, -5*q - 3*z + 56 = 0. Does 10 divide o(q)?
True
Let x be (-7)/(105/(-130)) + (-8)/(-6). Suppose g + x*g = 2068. Is g a multiple of 47?
True
Suppose 104 = -y + 9*y. Suppose -y*d + 16*d = 144. Is 14 a factor of d?
False
Suppose -56 = g - 9*g. Let y(s) = 2*s**2 + 4*s - 14. Is 28 a factor of y(g)?
True
Suppose -2*k + 0 - 14 = 0. Let i(l) = -81*l - 5. Let x be i(k). Suppose -x - 48 = -5*v. Does 23 divide v?
False
Is 415 + 1 - 8/(5 + -4) a multiple of 34?
True
Suppose 0 = 3*a + 1 - 10. Suppose -a*g = 2*j - 205, -g + 307 = 3*j + 4*g. Does 13 divide j?
True
Let z(c) = -16*c**3 + 5*c**2 + 4*c + 28. Does 62 divide z(-4)?
True
Let w(v) be the third derivative of -v**6/120 - v**5/15 - v**4/6 - 2*v**3/3 - 99*v**2. Suppose 2*x - 4*x = 12. Does 15 divide w(x)?
False
Is 60 a factor of 2874/8*(-116)/(-87)?
False
Let m be (-6)/(-9) - 4/6. Suppose 3*r + 2*g - 477 = -2*g, r - 5*g - 159 = m. Suppose u - 2*u = -3*t + 168, 3*t - r = -2*u. Does 11 divide t?
True
Let b(y) = -5*y + 4*y + 4*y - 7 + 0*y. Let z be b(4). Suppose -84 = z*o - 12*o. Does 4 divide o?
True
Suppose 0 = -5*s - 28 + 48. Suppose 4*p = -s*p + 616. Is p a multiple of 11?
True
Let g be 3/(-15) - -2*(-213)/(-30). Suppose -g*v + 99 = -11*v. Is 11 a factor of v?
True
Let w(h) = h**2 - 5*h - 4. Let i be w(6). Suppose 4*q - 306 = -2*l, -q + i*l - 150 = -3*q. Is q a multiple of 13?
True
Let u(t) = -64*t - 7. Let o be u(1). Let p = -21 - o. Is 5 a factor of p?
True
Let a(c) = -c + 12. Let w be a(0). Let g(h) = 5*h - h + w + 2*h. Is 21 a factor of g(5)?
True
Is (11 + (-798)/70)/((-4)/5630) a multiple of 26?
False
Suppose -23*u - 1740 = -28*u. Does 6 divide u?
True
Let i be (5 + -14)/(-27) - (-52)/6. Suppose -s - i*s = -780. Does 16 divide s?
False
Suppose -6*t + 228 = -2*t. Let b = -53 + t. Does 2 divide b?
True
Suppose -5*d + 3270 = 5*r, -1140 = -2*r + 3*d + 178. Does 82 divide r?
True
Let m be -1 - (-3 - -1 - -1). Let a(q) = m*q**3 + 3*q**3 - 8 + 0*q**3 + 10*q - 7*q**2 - 2*q**3. Is 8 a factor of a(6)?
True
Let x(p) = -12*p + 3. Suppose n + 0*z - z + 10 = 0, -4*z = -3*n - 34. Is x(n) a multiple of 25?
True
Let x be 346 + (-3)/1 - 0. Suppose 0 = -p - 4*p - 4*m + x, 57 = p - 5*m. Is 14 a factor of p?
False
Suppose -2*g + 8 = f, -6*f + 2*f - 4*g + 40 = 0. Let s = 53 - f. Is s a multiple of 15?
False
Suppose -20*q = -17*q - 444. Is q a multiple of 3?
False
Suppose -2*y - 3*y = -20. Suppose -2*q = d - 307, -5*d - 4*q + 929 = -2*d. Suppose y*g - d = -g. Is g a multiple of 21?
True
Let h be ((-2)/(-3))/((-4)/(-6)). Does 18 divide 7*(h/7)/((-3)/(-180))?
False
Let t = -3199 - -5116. Does 71 divide t?
True
Let m(h) = -h**3 + 4. Let o be m(0). Suppose -t - 27 = -o*t. Is t even?
False
Suppose 2*i - 2*k = 3*i - 15, 0 = -5*i + 2*k + 15. Suppose -x = -i - 9. Is x a multiple of 5?
False
Suppose -5*a - 2*t - 8 = -4, a - 3*t = -11. Let j be (a + 2)*(2 - 1). Suppose j = 7*k - 5*k - 168. Is 28 a factor of k?
True
Suppose 0 = 5*n - 4*n + 153. Let s = -51 - n. Does 11 divide s?
False
Let x = 58 + -24. Suppose 3*z - 16 = o, -2*o - x = 2*o - 2*z. Let h = -2 - o. Is h even?
False
Let n(d) = d**3 - 18*d**2 + 17*d + 54. Does 18 divide n(18)?
True
Let w be 5*(1 + 6/(-10)). Let x(i) = -4*i**2 + 2 + 10*i**2 - i**2 - w*i + i**3. Is 13 a factor of x(-4)?
True
Let c(s) = -s**2 - 1. Let a(x) = -4*x**2 + x + 2. Let h(k) = -a(k) - 6*c(k). Let j(r) be the first derivative of h(r). Does 19 divide j(1)?
True
Is 14 a factor of (-16 + 121)/((-9)/(-24))?
True
Suppose 3*c - 1182 = 2*k - 5*k, 3*k = -15. Is 19 a factor of c?
True
Is (7/(7/2) + -1)*11 a multiple of 11?
True
Does 3 divide (-294)/(-8) + 4/16?
False
Let r be (